95 - 58. Suppose -i = -5*y + 13. Let g = 14 - y. What is the remainder when 13 is divided by g?
1
Suppose -c = -41*c + 240 + 320. Suppose -109 = -4*i - 4*u + 3*u, 21 = i - u. Calculate the remainder when i is divided by c.
12
Let c(t) = -4*t**3 - t**2 + 14*t + 28. What is the remainder when c(-2) is divided by 8?
4
Suppose -3*o - 38 = -5*o. Let d(b) = 5*b**2 - 69*b - 5. What is the remainder when o is divided by d(14)?
1
Let t = -87 - -105. Calculate the remainder when 2/7 - 948/(-14) is divided by t.
14
Let l(h) = -h**3 - 6*h**2 - 2*h - 6. Let a be l(-4). Let v = 55 + a. Calculate the remainder when v is divided by 7.
4
Let w = -4 - -9. Let t be 1*w - (-14 - -13). Suppose -t*m = -11*m + 210. Calculate the remainder when m is divided by 9.
6
Suppose 31*a + 87*a = 708. Calculate the remainder when 10 is divided by a.
4
Suppose -1603 = -639*v + 632*v. Calculate the remainder when v is divided by 61.
46
Let x(t) = 9*t**3 - 8*t**2 - 2*t + 8. Calculate the remainder when 438 is divided by x(2).
42
Suppose -4*z = -57 - 31. Let k be -3*(1 - z/(-6)). Calculate the remainder when 49 is divided by 1/7 + (-362)/k.
23
Suppose -p + v = p - 9, 4*v + 22 = p. What is the remainder when 11/1 + p/(-1) is divided by 6?
3
Suppose -151*w = -142*w - 2358. What is the remainder when w is divided by 19?
15
Suppose 6*m + 41 = 3*u + m, -5*u - 5*m = -15. Calculate the remainder when 69 is divided by u.
6
Let s be (-1)/((-1)/4 + 42/72). Let j(x) = -x**3 + 2*x**2 + 3*x - 3. Calculate the remainder when j(s) is divided by 17.
16
Let p(t) = 12*t**2 - 5*t + 4. What is the remainder when 138 is divided by p(1)?
6
Suppose 0 = -3*x - 6, -5*z + 3*x + 90 = -3*z. Calculate the remainder when 125 is divided by z.
41
Let g(l) = l + 6. Let v be g(-4). Let o(f) = 4 + v + 4 - 2*f + 3. What is the remainder when 38 is divided by o(0)?
12
Let p(d) = 2 - 6*d**3 - 2 - 8*d**2 + 5*d**3 + 3 - 3*d. Suppose 3*h - 12 = 5*h - y, 3*y - 28 = 5*h. What is the remainder when p(h) is divided by 7?
6
Let c(v) = -v**2 - 11*v - 20. Let u be c(-18). What is the remainder when 102 is divided by (-1)/(-7) - u/7?
18
Calculate the remainder when (-32)/(-352) - 3/(66/(-13418)) is divided by 25.
10
Suppose 103 = p - 5*d, -3*p + 17*d + 259 = 12*d. Let j = 66 + -57. Calculate the remainder when p is divided by j.
6
Suppose -2*n + 5*l = 3*l - 18, -17 = 2*n + 5*l. Suppose 5*b - 73 = -3*f + 23, -n*f = b - 111. What is the remainder when 107 is divided by f?
26
Let a(l) = l**3 + 9*l**2 - 6*l - 63. Calculate the remainder when 142 is divided by a(-8).
44
Suppose 2*k - 5*x = 391, -4*x - 499 + 113 = -2*k. Suppose -3*t = -7*b + 5*b - k, -2*t - 4*b = -106. Calculate the remainder when t is divided by 12.
11
Let w(c) = 2*c**2 - 12*c + 4*c**2 - 13 - 7*c**2 + 5. Calculate the remainder when 34 is divided by w(-10).
10
What is the remainder when 18/(-54) + (2324/6 - 0) is divided by 78?
75
Suppose w + w = -4*l + 12, -3*w - 5*l = -14. Calculate the remainder when -3 - (-88 - (w + 3)) is divided by -5 - (-7 + (-12)/(-3)) - -24.
20
Let u(r) = -2*r**3 + 13*r**2 - 5*r - 3. Let t(p) = 2*p**3 + 2*p**2 + p - 1. Calculate the remainder when t(2) is divided by u(6).
1
Suppose -5*c - 3 + 28 = 0. Suppose 14 - c = h. What is the remainder when 61 is divided by h?
7
Let r(h) = 4*h**2 + h + 71. What is the remainder when r(-7) is divided by 60?
20
Suppose -s = -10*n + 8*n + 171, -162 = -2*n - 2*s. What is the remainder when 167 is divided by n?
83
Suppose 5*l = -3*c + 39, 12 = 4*l - 3*c - c. Let w = l + 20. Let r = -1 + 8. Calculate the remainder when w is divided by r.
5
Suppose -3*g + 4*x + 274 = 0, -10*g = -5*g - 3*x - 464. Calculate the remainder when g is divided by 35.
24
Suppose 14*f + 0*f - 4760 = 0. Calculate the remainder when f is divided by 57.
55
Let n be (-1)/(((-2)/(-11))/2). Let r = n + 11. Let j = r - -15. What is the remainder when 29 is divided by j?
14
Suppose q + 20 = 3*t, -2*t + 0 = -2*q - 16. What is the remainder when 71 is divided by t?
5
Suppose -v - 26 = -30. What is the remainder when 21 is divided by v?
1
Let f be ((-6)/(-4) + -1)*0. Suppose f = 4*n + 2 - 14. Suppose -n*v + 0 = -4*d + 54, 0 = 3*d - 5*v - 35. What is the remainder when 27 is divided by d?
12
Suppose 10 = -5*f + 195. Let d(x) be the first derivative of -2*x**2 - 2*x + 3. What is the remainder when f is divided by d(-3)?
7
Suppose -2*a - 7 = -3*a. Suppose a + 3 = -5*t. Let w = t + 60. Calculate the remainder when w is divided by 15.
13
Suppose -30*d + 26*d + 5*b + 506 = 0, -b = -3*d + 385. What is the remainder when d is divided by 25?
4
Let j be (1 - -2)/((-3)/(-2)). Suppose -j*t = -2*o + 3*t + 19, t - 115 = -5*o. What is the remainder when 85 is divided by o?
19
Let a(k) = 31 + k**2 - 14 + 0*k**2 + 12*k - 14. Calculate the remainder when 14 is divided by a(-12).
2
Suppose t - 13 + 5 = 0. Let q be 2/t - (-2005)/(-20). Let v = q - -193. Calculate the remainder when v is divided by 32.
29
Suppose -3*o + 1 = 2*t - 3, -2*t + 5*o + 20 = 0. Let h(c) = c**3 - 3*c**2 - 7*c. Calculate the remainder when h(t) is divided by 9.
6
Suppose 358 + 1658 = 6*u. Calculate the remainder when u is divided by 78.
24
Let t(r) = 9*r**2 + 37*r - 87. Calculate the remainder when t(9) is divided by 16.
15
Let r(z) = 24*z**3 - z**2 - z + 2. Calculate the remainder when 236 is divided by r(1).
20
Let x = 46 + -37. Suppose 0*m = -x*m + 108. Calculate the remainder when m is divided by 8.
4
Calculate the remainder when (82 + 107)*(4/2 - 1) is divided by 62.
3
Suppose 8*s = 6*s - 4. Let v = 7 + s. Suppose -d + v*d = 132. What is the remainder when d is divided by 7?
5
Let b(n) = n**3 + 14*n**2 + 4*n + 4. Let d be b(-11). Suppose -5*j + 6 + d = 3*p, 0 = 4*j - 4. What is the remainder when p is divided by 28?
24
What is the remainder when -22 + 24 + 187 + 5 + -1 is divided by 49?
46
Calculate the remainder when ((-30)/(-90))/((-2)/(-288)) is divided by 13.
9
Let x(m) = -5*m - 45. Suppose -4*t - 2 = 58. Suppose 39 = 2*k - a, 0 = -3*k - 5*a + 27 - 1. What is the remainder when x(t) is divided by k?
13
Let l(s) = -3*s**2 + 122*s - 74. Let n = 12 + 11. Calculate the remainder when n is divided by l(40).
5
Suppose 0 = -4*j - 2*k + 80, -68 = -j - 3*j + 4*k. Let z = 196 - 121. What is the remainder when z is divided by j?
18
Suppose 3*v = -3*n + 2*v + 146, 0 = 5*n + v - 242. Suppose 5*r = 5*y + 38 + 77, -2*r + 54 = 2*y. Calculate the remainder when n is divided by r.
23
Suppose -4*b - 260 = -b + 4*y, -y = 2. Calculate the remainder when (-3)/(-6) + b/(-8) is divided by 5.
1
Let c be 3 - (-2 - (29 - 3)). Suppose -c + 11 = -o. Suppose -24 - o = -4*b. Calculate the remainder when 43 is divided by b.
10
Let p(i) = -i**2 - 7*i - 2. Let n(y) = 12*y - 12. Let r be n(3). What is the remainder when p(-6) is divided by 42/r - 3/(-12)?
0
Let q(u) = -u + 13. What is the remainder when 935 is divided by q(-11)?
23
Let a(j) = 2*j**2 + 10*j + 7. Let l(b) = b**3 - 3*b**2 - 5*b + 1. Let c be l(4). What is the remainder when c/6*(1 + -149) is divided by a(-6)?
17
Suppose -3*x + 6*x = -3*m + 51, 5*x = 0. Calculate the remainder when m is divided by (19 - 21)/(2 + (-14)/6).
5
Let x(l) = -l + 13. Let u be x(11). What is the remainder when 101 is divided by -2 + (u - (2 + -28))?
23
Calculate the remainder when 113 is divided by (1 - (-9)/(-8)) + (-2651)/(-88).
23
Suppose 7*w - w = 18. Suppose 0 = 2*s - 5*c - 5, -w = 2*c + 3. What is the remainder when (11 + s)/((-4)/(-2)) is divided by 2?
1
Let f be 10 - ((3 - 2) + 1). Suppose 62 = f*v - 7*v. Calculate the remainder when v is divided by 21.
20
Suppose 0 = 14*f - 10*f. Let g(i) = 3*i**2 + 2*i + 20. Calculate the remainder when 55 is divided by g(f).
15
Suppose -3*p + 39 + 67 = 4*y, -p + 4*y + 30 = 0. Calculate the remainder when p is divided by 21.
13
Suppose 24*d = 20*d + 60. What is the remainder when 37 is divided by d?
7
Suppose -s - 3 + 2 = 0. Calculate the remainder when 61 is divided by 5 - 18/(-6) - (s + 0).
7
Let n = 352 - 182. Calculate the remainder when n is divided by 6.
2
Let n(r) = -2*r**3 - 7*r**2 + 5*r + 5. Let p be n(-4). Let m(h) = 3*h**3 - h**2 + 5*h - 3. Calculate the remainder when 3/(-1*3)*-5 is divided by m(p).
1
Suppose 5*h - 92 = 4*j + h, -4*h - 60 = 4*j. Let v = j + 69. Let c = 29 - 12. What is the remainder when v is divided by